{"id":2812,"date":"2023-10-30T11:43:30","date_gmt":"2023-10-30T11:43:30","guid":{"rendered":"http:\/\/victoria.tur.ar\/web\/?page_id=2812"},"modified":"2023-12-07T03:16:59","modified_gmt":"2023-12-07T03:16:59","slug":"historica-anterior","status":"publish","type":"page","link":"https:\/\/victoria.tur.ar\/web\/historica-anterior\/","title":{"rendered":"Hist\u00f3rica"},"content":{"rendered":"\n<p class=\"has-text-align-center\"><strong>EXPERIENCIA: <\/strong>SITIOS EMBLEMATICOS DE LA CIUDAD \u2013 GUIADOS PERSONALIZADOS<\/p>\n\n\n\n<p class=\"has-text-align-center\"> <\/p>\n\n\n\n<p class=\"has-text-align-center\">Concebida al m\u00e1s puro estilo espa\u00f1ol, la ciudad cuenta con un casco hist\u00f3rico declarado \u201cBien de Inter\u00e9s Hist\u00f3rico Nacional\u201d por <strong>Ley Nacional 25.686\/02<\/strong>, barrios t\u00edpicamente hist\u00f3ricos como el Quinto Cuartel (cuna de la ciudad), Barrio Abad\u00eda (centro del turismo religioso) y Museos de distintas tem\u00e1ticas.<\/p>\n\n\n\n<p class=\"has-text-align-center\"><strong>CIRCUITOS: CASCO HIST\u00d3RICO, LAS REJAS, BARRIO HIST\u00d3RICO 5\u00b0 CUARTEL, CERRO DE LA MATANZA<\/strong><\/p>\n\n\n\n<p class=\"has-text-align-center\"><\/p>\n\n\n\n<div class=\"wp-block-columns is-layout-flex wp-container-core-columns-is-layout-9d6595d7 wp-block-columns-is-layout-flex\">\n<div class=\"wp-block-column is-layout-flow wp-block-column-is-layout-flow\">\n<p><strong><mark style=\"background-color:rgba(0, 0, 0, 0)\" class=\"has-inline-color has-vivid-red-color\">RELIGIOSO<\/mark><\/strong><\/p>\n\n\n\n<p><strong>ABAD\u00cdA DEL NI\u00d1O DIOS<\/strong><\/p>\n\n\n\n<p>Ruta 11&nbsp;&nbsp;&nbsp;&nbsp;&nbsp;&nbsp;&nbsp;&nbsp;<\/p>\n\n\n\n<p>03436 \u2013&nbsp; 42-1082<\/p>\n\n\n\n<p>Guiados 3436-573143<\/p>\n\n\n\n<p><strong>BAS\u00cdLICA NUESTRA SE\u00d1ORA DE AR\u00c1NZAZU<\/strong><\/p>\n\n\n\n<p>Ezpeleta 12&nbsp;&nbsp;&nbsp;&nbsp;&nbsp;&nbsp;&nbsp;&nbsp;&nbsp;&nbsp;&nbsp;<\/p>\n\n\n\n<p>03436 \u2013 421122<\/p>\n\n\n\n<p>Guiados 3436-574708<\/p>\n\n\n\n<p><strong>MIRADOR DE LA VIRGEN DE FATIMA<\/strong><\/p>\n\n\n\n<p>Guiado:  03436 -440763<\/p>\n\n\n\n<p><mark style=\"background-color:rgba(0, 0, 0, 0)\" class=\"has-inline-color has-vivid-red-color\"><strong>PATRIMONIO HIST\u00d3RICO ARQUITECT\u00d3NICO<\/strong><\/mark><\/p>\n\n\n\n<p>Conoce nuestros circuitos patrimoniales digitales ingresando a http:\/\/victoriamiciudad.com.ar\/<\/p>\n\n\n\n\n<\/div>\n\n\n\n<div class=\"wp-block-column is-layout-flow wp-block-column-is-layout-flow\">\n<p><strong><mark style=\"background-color:rgba(0, 0, 0, 0)\" class=\"has-inline-color has-vivid-red-color\">GUIADOS<\/mark><\/strong><\/p>\n\n\n\n<p><strong>VICTORIA RIDES AND ADVENTURE&nbsp; <\/strong>Huellas Del Inmigrante \u2013 Circuito guiado de esparcimiento&nbsp; \u2013 Aqu\u00ed Victoria \u2013 Victoria y sus Riquezas \u2013 \u201cSensaci\u00f3n de Vida\u201d \u2013 City tours por la ciudad<\/p>\n\n\n\n<p>Bv, Brown y Bv. Pueyrredon<\/p>\n\n\n\n<p>03436-416279&nbsp; \u2013 03436-493538&nbsp; \u2013 03436-404488<\/p>\n\n\n\n\n\n\n\n<p><strong>CITY TOUR<\/strong><\/p>\n\n\n\n<p>* Contacto: Consultar Gu\u00edas Privados<\/p>\n\n\n\n<p>* Recorrido por los distintos sitios tur\u00edsticos e hist\u00f3ricos de la ciudad<\/p>\n\n\n\n<p><strong><mark style=\"background-color:rgba(0, 0, 0, 0)\" class=\"has-inline-color has-vivid-red-color\">GUIAS MATRICULADOS<\/mark><\/strong><\/p>\n\n\n\n<ul class=\"wp-block-list\">\n<li>Albornoz, Roc\u00edo Ayel\u00e9n (Sitio Quinto Cuartel y General)<\/li>\n<\/ul>\n\n\n\n<p><strong>Contacto: 3436433078<\/strong><\/p>\n\n\n\n<ul class=\"wp-block-list\">\n<li>Aranguren, Mart\u00edn (Turismo Accesible)<\/li>\n<\/ul>\n\n\n\n<p><strong>Contacto: 3436613302<\/strong><\/p>\n\n\n\n<ul class=\"wp-block-list\">\n<li>Zeballos, Luciano (Sitio \u201cEl Potrero\u201d)<\/li>\n<\/ul>\n\n\n\n<p><strong>Contacto:3436402667<\/strong><\/p>\n\n\n\n<ul class=\"wp-block-list\">\n<li>Bauer, \u00c1ngela Ramona (General\/ sitio Abad\u00eda del Ni\u00f1o Dios)<\/li>\n<\/ul>\n\n\n\n<p><strong>Contacto: 3436445496<\/strong><\/p>\n\n\n\n<ul class=\"wp-block-list\">\n<li>Rold\u00e1n, Stela Maris (General\/ sitio Abad\u00eda del Ni\u00f1o Dios)<\/li>\n<\/ul>\n\n\n\n<p><strong>Contacto: 3436573143<\/strong><\/p>\n\n\n\n<ul class=\"wp-block-list\">\n<li>Gim\u00e9nez, Yamila Paola (General\/ Sitio Quinto Cuartel)<\/li>\n<\/ul>\n\n\n\n<p><strong>Contacto: 3436493538<\/strong><\/p>\n\n\n\n<ul class=\"wp-block-list\">\n<li>Pereyra, Jimena Melissa (General\/ Sitio Quinto Cuartel)<\/li>\n<\/ul>\n\n\n\n<p><strong>Contacto: 3436404488<\/strong><\/p>\n\n\n\n<ul class=\"wp-block-list\">\n<li>Castro, Tatiana Florencia (General)<\/li>\n<\/ul>\n\n\n\n<p><strong>Contacto: 3436440763<\/strong><\/p>\n\n\n\n<ul class=\"wp-block-list\">\n<li>Fiant, Andrea Cecilia (General)<\/li>\n<\/ul>\n\n\n\n<p><strong>Contacto: 3436610478<\/strong><\/p>\n\n\n\n\n<\/div>\n\n\n\n<div class=\"wp-block-column is-layout-flow wp-block-column-is-layout-flow\">\n<p><strong>GUIADOS OFICINA DE INFORMES TURISTICOS BASILICA<\/strong><\/p>\n\n\n\n<p>3436 574708<\/p>\n\n\n\n<p><strong>CIRCUITO DEL MISTERIO<\/strong><\/p>\n\n\n\n<p>Historias, leyendas, misterio, ufolog\u00eda, paranormal y marchas con antorchas<\/p>\n\n\n\n<p>Circuito Nocturno&nbsp;<\/p>\n\n\n\n<p>3436-618768<\/p>\n\n\n\n<p><strong>CAZADORES DE TESORO<\/strong><\/p>\n\n\n\n<p>Aventura en familia &#8211; Detectores de metales \u2013 Gu\u00eda especializada por lugares emblem\u00e1ticos de la ciudad<\/p>\n\n\n\n<p>3436 493669<\/p>\n<\/div>\n<\/div>\n","protected":false},"excerpt":{"rendered":"<p>EXPERIENCIA: SITIOS EMBLEMATICOS DE LA CIUDAD \u2013 GUIADOS PERSONALIZADOS Concebida al m\u00e1s puro estilo espa\u00f1ol, la ciudad cuenta con un casco hist\u00f3rico declarado \u201cBien de Inter\u00e9s Hist\u00f3rico Nacional\u201d por Ley &#8230;<\/p>\n","protected":false},"author":2,"featured_media":2445,"parent":0,"menu_order":0,"comment_status":"closed","ping_status":"closed","template":"template-fullwidth.php","meta":{"footnotes":""},"class_list":["post-2812","page","type-page","status-publish","has-post-thumbnail","hentry"],"_links":{"self":[{"href":"https:\/\/victoria.tur.ar\/web\/wp-json\/wp\/v2\/pages\/2812","targetHints":{"allow":["GET"]}}],"collection":[{"href":"https:\/\/victoria.tur.ar\/web\/wp-json\/wp\/v2\/pages"}],"about":[{"href":"https:\/\/victoria.tur.ar\/web\/wp-json\/wp\/v2\/types\/page"}],"author":[{"embeddable":true,"href":"https:\/\/victoria.tur.ar\/web\/wp-json\/wp\/v2\/users\/2"}],"replies":[{"embeddable":true,"href":"https:\/\/victoria.tur.ar\/web\/wp-json\/wp\/v2\/comments?post=2812"}],"version-history":[{"count":8,"href":"https:\/\/victoria.tur.ar\/web\/wp-json\/wp\/v2\/pages\/2812\/revisions"}],"predecessor-version":[{"id":2948,"href":"https:\/\/victoria.tur.ar\/web\/wp-json\/wp\/v2\/pages\/2812\/revisions\/2948"}],"wp:featuredmedia":[{"embeddable":true,"href":"https:\/\/victoria.tur.ar\/web\/wp-json\/wp\/v2\/media\/2445"}],"wp:attachment":[{"href":"https:\/\/victoria.tur.ar\/web\/wp-json\/wp\/v2\/media?parent=2812"}],"curies":[{"name":"wp","href":"https:\/\/api.w.org\/{rel}","templated":true}]}}

Histórica

<p class="has-text-align-center"><strong>EXPERIENCIA: </strong>SITIOS EMBLEMATICOS DE LA CIUDAD – GUIADOS PERSONALIZADOS</p>



<p class="has-text-align-center"> </p>



<p class="has-text-align-center">Concebida al más puro estilo español, la ciudad cuenta con un casco histórico declarado “Bien de Interés Histórico Nacional” por <strong>Ley Nacional 25.686/02</strong>, barrios típicamente históricos como el Quinto Cuartel (cuna de la ciudad), Barrio Abadía (centro del turismo religioso) y Museos de distintas temáticas.</p>



<p class="has-text-align-center"><strong>CIRCUITOS: CASCO HISTÓRICO, LAS REJAS, BARRIO HISTÓRICO 5° CUARTEL, CERRO DE LA MATANZA</strong></p>



<p class="has-text-align-center"></p>



<div class="wp-block-columns is-layout-flex wp-container-core-columns-is-layout-9d6595d7 wp-block-columns-is-layout-flex">
<div class="wp-block-column is-layout-flow wp-block-column-is-layout-flow">
<p><strong><mark style="background-color:rgba(0, 0, 0, 0)" class="has-inline-color has-vivid-red-color">RELIGIOSO</mark></strong></p>



<p><strong>ABADÍA DEL NIÑO DIOS</strong></p>



<p>Ruta 11&nbsp;&nbsp;&nbsp;&nbsp;&nbsp;&nbsp;&nbsp;&nbsp;</p>



<p>03436 –&nbsp; 42-1082</p>



<p>Guiados 3436-573143</p>



<p><strong>BASÍLICA NUESTRA SEÑORA DE ARÁNZAZU</strong></p>



<p>Ezpeleta 12&nbsp;&nbsp;&nbsp;&nbsp;&nbsp;&nbsp;&nbsp;&nbsp;&nbsp;&nbsp;&nbsp;</p>



<p>03436 – 421122</p>



<p>Guiados 3436-574708</p>



<p><strong>MIRADOR DE LA VIRGEN DE FATIMA</strong></p>



<p>Guiado:  03436 -440763</p>



<p><mark style="background-color:rgba(0, 0, 0, 0)" class="has-inline-color has-vivid-red-color"><strong>PATRIMONIO HISTÓRICO ARQUITECTÓNICO</strong></mark></p>



<p>Conoce nuestros circuitos patrimoniales digitales ingresando a http://victoriamiciudad.com.ar/</p>




</div>



<div class="wp-block-column is-layout-flow wp-block-column-is-layout-flow">
<p><strong><mark style="background-color:rgba(0, 0, 0, 0)" class="has-inline-color has-vivid-red-color">GUIADOS</mark></strong></p>



<p><strong>VICTORIA RIDES AND ADVENTURE&nbsp; </strong>Huellas Del Inmigrante – Circuito guiado de esparcimiento&nbsp; – Aquí Victoria – Victoria y sus Riquezas – “Sensación de Vida” – City tours por la ciudad</p>



<p>Bv, Brown y Bv. Pueyrredon</p>



<p>03436-416279&nbsp; – 03436-493538&nbsp; – 03436-404488</p>







<p><strong>CITY TOUR</strong></p>



<p>* Contacto: Consultar Guías Privados</p>



<p>* Recorrido por los distintos sitios turísticos e históricos de la ciudad</p>



<p><strong><mark style="background-color:rgba(0, 0, 0, 0)" class="has-inline-color has-vivid-red-color">GUIAS MATRICULADOS</mark></strong></p>



<ul class="wp-block-list">
<li>Albornoz, Rocío Ayelén (Sitio Quinto Cuartel y General)</li>
</ul>



<p><strong>Contacto: 3436433078</strong></p>



<ul class="wp-block-list">
<li>Aranguren, Martín (Turismo Accesible)</li>
</ul>



<p><strong>Contacto: 3436613302</strong></p>



<ul class="wp-block-list">
<li>Zeballos, Luciano (Sitio “El Potrero”)</li>
</ul>



<p><strong>Contacto:3436402667</strong></p>



<ul class="wp-block-list">
<li>Bauer, Ángela Ramona (General/ sitio Abadía del Niño Dios)</li>
</ul>



<p><strong>Contacto: 3436445496</strong></p>



<ul class="wp-block-list">
<li>Roldán, Stela Maris (General/ sitio Abadía del Niño Dios)</li>
</ul>



<p><strong>Contacto: 3436573143</strong></p>



<ul class="wp-block-list">
<li>Giménez, Yamila Paola (General/ Sitio Quinto Cuartel)</li>
</ul>



<p><strong>Contacto: 3436493538</strong></p>



<ul class="wp-block-list">
<li>Pereyra, Jimena Melissa (General/ Sitio Quinto Cuartel)</li>
</ul>



<p><strong>Contacto: 3436404488</strong></p>



<ul class="wp-block-list">
<li>Castro, Tatiana Florencia (General)</li>
</ul>



<p><strong>Contacto: 3436440763</strong></p>



<ul class="wp-block-list">
<li>Fiant, Andrea Cecilia (General)</li>
</ul>



<p><strong>Contacto: 3436610478</strong></p>




</div>



<div class="wp-block-column is-layout-flow wp-block-column-is-layout-flow">
<p><strong>GUIADOS OFICINA DE INFORMES TURISTICOS BASILICA</strong></p>



<p>3436 574708</p>



<p><strong>CIRCUITO DEL MISTERIO</strong></p>



<p>Historias, leyendas, misterio, ufología, paranormal y marchas con antorchas</p>



<p>Circuito Nocturno&nbsp;</p>



<p>3436-618768</p>



<p><strong>CAZADORES DE TESORO</strong></p>



<p>Aventura en familia &#8211; Detectores de metales – Guía especializada por lugares emblemáticos de la ciudad</p>



<p>3436 493669</p>
</div>
</div>

<p>EXPERIENCIA: SITIOS EMBLEMATICOS DE LA CIUDAD – GUIADOS PERSONALIZADOS Concebida al más puro estilo español, la ciudad cuenta con un casco histórico declarado “Bien de Interés Histórico Nacional” por Ley &#8230;</p>
